 3 + 35106536?
35106542
In base 11, what is 2433857 + -284?
2433583
In base 13, what is -b1 - -3b4509?
3b4428
In base 15, what is 4a1b457d - -2?
4a1b4580
In base 13, what is 720 - 22b09?
-223b9
In base 11, what is 962563 + -6?
962558
In base 11, what is -1068510 + -133?
-1068643
In base 3, what is -1112210100122202 - -11?
-1112210100122121
In base 7, what is 4 - -612310012?
612310016
In base 12, what is -26a8958b - 4?
-26a89593
In base 6, what is -33010 - 441345?
-514355
In base 9, what is 260 + -202852?
-202582
In base 4, what is -1123313332 - 112?
-1123320110
In base 16, what is 91 - -96969?
969fa
In base 16, what is -69 - 1e7d5?
-1e83e
In base 14, what is -9c47 + -34d1?
-d338
In base 4, what is 1332223221003 - 3?
1332223221000
In base 9, what is 41133 - 687?
40335
In base 7, what is -2226 + 5632313?
5630054
In base 7, what is 265 - -222515?
223113
In base 13, what is -1b9 - -84a52?
84866
In base 4, what is 1312113123 - 123?
1312113000
In base 8, what is -7476650 - -12?
-7476636
In base 5, what is -2210243 + -233414?
-2444212
In base 9, what is -16433 + -1132?
-17565
In base 14, what is -1c89 - 1536?
-33c1
In base 16, what is -11c3 - 9b6?
-1b79
In base 3, what is 12 + 102002111012120?
102002111012202
In base 6, what is -133320 + -11300?
-145020
In base 11, what is 515244 - a?
515235
In base 11, what is -1856a + -2384?
-1a943
In base 11, what is 29275 + 155?
2941a
In base 13, what is -2 + 3c162409?
3c162407
In base 8, what is 30667546 - -11?
30667557
In base 10, what is 16 - -2638342?
2638358
In base 5, what is 10 + -1142431042?
-1142431032
In base 15, what is 105446 - -2?
105448
In base 13, what is -3 + 408048c?
4080489
In base 2, what is 101010 - -1111111100011100110101?
1111111100011101011111
In base 7, what is -115441 + 61554?
-23554
In base 7, what is 1300 + -456404?
-455104
In base 3, what is 10 - 120111110101?
-120111110021
In base 13, what is -142 + -2821?
-2963
In base 14, what is -c34cb - -12?
-c34b9
In base 9, what is 7580332 - 1?
7580331
In base 8, what is -471 + -13227200?
-13227671
In base 15, what is -60d256 - -83?
-60d1c3
In base 9, what is -151576 + 2217?
-148358
In base 3, what is 101112010021 - 2001100?
101110001221
In base 12, what is -3508a57 + -4?
-3508a5b
In base 11, what is -561a32 + -a?
-561a41
In base 10, what is 1 - 218989387?
-218989386
In base 7, what is 22 + 222452603?
222452625
In base 4, what is -330220 + 103210?
-221010
In base 12, what is -13138324 - 1?
-13138325
In base 6, what is -121505443 - 45?
-121505532
In base 5, what is 13440141130 - -21?
13440141201
In base 7, what is 112500 - -25235?
141035
In base 10, what is 453852 + 37?
453889
In base 2, what is -1101000 + 1000100101100111001010?
1000100101100101100010
In base 12, what is -9461 + 68?
-93b5
In base 9, what is -26 + 11128143?
11128116
In base 11, what is -473 - 259a0a?
-25a382
In base 4, what is -111003131 + -213000?
-111222131
In base 9, what is 7468 + -18667?
-11188
In base 16, what is 5f123e + -2?
5f123c
In base 16, what is 36 - f2f9b?
-f2f65
In base 10, what is -373 - -517927?
517554
In base 11, what is 43234189 - 2?
43234187
In base 10, what is 2287443 - 4?
2287439
In base 4, what is 102200103031 + -103?
102200102322
In base 2, what is 100 - 1100011110100000000001?
-1100011110011111111101
In base 2, what is -111101000011110100100 - -10011101?
-111101000011100000111
In base 8, what is 0 - -1520173?
1520173
In base 15, what is -d94c - -5a9?
-d393
In base 13, what is 111c78 - 23?
111c55
In base 5, what is -1411 + -2232422?
-2234333
In base 8, what is -131332 + -34?
-131366
In base 9, what is -18 + -45265123?
-45265142
In base 16, what is -1da + 5c023?
5be49
In base 5, what is 1040031043 + 1?
1040031044
In base 6, what is -10521354 - -1324?
-10520030
In base 7, what is 10 - -50160505?
50160515
In base 14, what is -255b + 528?
-2033
In base 9, what is 187873 + -300?
187573
In base 2, what is -101001101 + -1001111001010?
-1010100010111
In base 3, what is 120222220 + 1202120?
122202110
In base 13, what is -50219998 + 0?
-50219998
In base 2, what is 11110001000100011111010 - 1111111?
11110001000100001111011
In base 8, what is 20 + -4530501?
-4530461
In base 16, what is 12156 - -7a?
121d0
In base 11, what is 1 + -3431789?
-3431788
In base 11, what is -988 + -756?
-1633
In base 10, what is -35 + -2847161?
-2847196
In base 16, what is -80523c + 0?
-80523c
In base 16, what is 45165 - -6f5?
4585a
In base 15, what is -356aeb - 3e?
-356b3a
In base 11, what is -6 - 4379a937?
-4379a942
In base 4, what is -130 + -33320220?
-33321010
In base 8, what is -6 + -11010164?
-11010172
In base 5, what is -2041202 + 43114?
-1443033
In base 14, what is 2 + -19752dbd?
-19752dbb
In base 16, what is -b1a10 - -2?
-b1a0e
In base 11, what is 2 + -a118213?
-a118211
In base 3, what is -21 - -1222000222001?
1222000221210
In base 10, what is 1732 + -54088?
-52356
In base 10, what is -9 + 57148?
57139
In base 12, what is 2114 + -a84?
1250
In base 11, what is 18 - 7277?
-725a
In base 12, what is 4525 - 5a7a1?
-56278
In base 3, what is 2 + -1010001021201022?
-1010001021201020
In base 6, what is -5 - -1355044500?
1355044451
In base 5, what is -304002442 - 2031?
-304010023
In base 11, what is -498 - -8858?
8370
In base 15, what is -1 + 209d49?
209d48
In base 12, what is -277baa1 - 9?
-277baaa
In base 15, what is -1 - -149c166?
149c165
In base 9, what is -3 + -13655708?
-13655712
In base 6, what is 42214443 + -103?
42214340
In base 11, what is -29 + 46780?
46752
In base 2, what is -11010100010 - 10000001110011100?
-10000101000111110
In base 8, what is 16343 + 17663?
36226
In base 6, what is -14435134511 + -2?
-14435134513
In base 2, what is 111110110100 - 10110111100011?
-1111000101111
In base 5, what is 1301213130 - -140?
1301213320
In base 9, what is 1271353834 + -2?
1271353832
In base 12, what is 78a - -34205?
34993
In base 10, what is -9 - 3691168?
-3691177
In base 4, what is 3031323 + 201110?
3233033
In base 3, what is 10212101 + -10020120001?
-10002200200
In base 9, what is -110127 - -3261?
-105756
In base 3, what is 20 - 11020022012211202?
-11020022012211112
In base 12, what is 1 + -3144741?
-3144740
In base 12, what is -881 + 66a5?
5a24
In base 7, what is 15226 + 2420155?
2435414
In base 4, what is -12320120 + -13031300?
-32012020
In base 2, what is -101 + -10010101101001111101001?
-10010101101001111101110
In base 9, what is 46385428 + -2?
46385426
In base 4, what is -111021113 - -1101?
-111020012
In base 5, what is -34411312 + -1012?
-34412324
In base 12, what is -1 - -2b39850?
2b3984b
In base 16, what is 4 + -359a739?
-359a735
In base 8, what is -23656 - 10104?
-33762
In base 16, what is 14 + -751799?
-751785
In base 12, what is -a18aa + -38?
-a1926
In base 14, what is 24226 - ad?
24157
In base 8, what is -4201461 - 4?
-4201465
In base 6, what is 1 - 22400234203?
-22400234202
In base 13, what is 8391 - 6ac?
79b2
In base 2, what is 100010111 - 11010001000111001011?
-11010001000010110100
In base 2, what is 1101011001001000010110110011 - -100?
1101011001001000010110110111
In base 16, what is 6 - 57a2f6?
-57a2f0
In base 4, what is -2212300 + 220320?
-1331320
In base 2, what is 1 - 111110001110001111101111?
-111110001110001111101110
In base 8, what is -2661 + -21?
-2702
In base 14, what is -5 - -198933?
19892c
In base 4, what is 3333023230 + 10?
3333023300
In base 15, what is 4 + 7151cb?
7151d0
In base 12, what is 20b0 + -22a?
1a82
In base 2, what is 100110 + 11101000000110?
11101000101100
In base 8, what is 41360 + -2204?
37154
In base 5, what is 11100 + -142113?
-131013
In base 9, what is -5 - 886384?
-886400
In base 14, what is 37647b6 - -1?
37647b7
In base 4, what is -1022301 + -133332131?
-201021032
In base 9, what is 14635 - -212?
14847
In base 6, what is 333151353 + 11?
333151404
In base 11, what is -249 - -11299?
11050
In base 14, what is -2a4 + -a169b?
-a1961
In base 13, what is 90532 - 16?
90519
In base 5, what is -2 - 32042110141?
-32042110143
In base 5, what is -2414001341211 + -3?
-2414001341214
In base 13, what is -42 - 10633?
-10675
In base 11, what is -8815459 - 0?
-8815459
In base 2, what is 1111100100101111 + -11010010101?
1111001010011010
In base 10, what is -8037139 - 5?
-8037144
In base 10, what is -1237293 + -23?
-1237316
In base 14, what is -639 + 975?
33